greatest common divisor of 307601 and 35.
7
Calculate the highest common divisor of 781 and 361603.
781
Calculate the greatest common divisor of 440 and 345202.
22
Calculate the highest common divisor of 3772 and 22837.
41
Calculate the highest common factor of 420 and 46842.
6
What is the greatest common divisor of 121 and 2882?
11
Calculate the greatest common divisor of 15445 and 265.
5
What is the highest common factor of 912 and 607962?
114
Calculate the greatest common factor of 62664 and 768.
24
Calculate the highest common divisor of 56544 and 2604.
372
What is the greatest common divisor of 17400 and 330?
30
Calculate the greatest common divisor of 5642 and 61516.
182
What is the greatest common factor of 40492 and 201696?
764
What is the greatest common factor of 91260 and 521196?
2028
What is the highest common divisor of 72 and 6597?
9
What is the greatest common divisor of 93 and 99293?
31
What is the greatest common divisor of 373 and 23872?
373
Calculate the greatest common divisor of 739636 and 4.
4
What is the greatest common factor of 138651 and 10225?
409
What is the greatest common factor of 38 and 321271?
19
What is the highest common factor of 4896 and 273888?
288
Calculate the greatest common factor of 64005 and 435.
15
What is the greatest common divisor of 4301 and 139909?
253
Calculate the highest common factor of 850984 and 16.
8
What is the greatest common divisor of 30324 and 420?
84
What is the highest common divisor of 1659517 and 1805?
361
Calculate the highest common factor of 64 and 64928.
32
Calculate the highest common divisor of 936 and 1048.
8
Calculate the greatest common divisor of 502 and 6454.
2
What is the greatest common factor of 945 and 56140?
35
Calculate the highest common divisor of 3760 and 136400.
80
Calculate the highest common factor of 222551 and 14.
7
What is the greatest common divisor of 762 and 111506?
254
Calculate the highest common factor of 2914 and 404059.
47
Calculate the greatest common factor of 5034 and 294.
6
Calculate the highest common divisor of 176 and 75845.
11
What is the greatest common divisor of 932 and 609062?
466
Calculate the greatest common divisor of 59571 and 27.
9
Calculate the greatest common factor of 60 and 2199900.
60
What is the highest common factor of 1448183 and 15224?
1903
What is the greatest common divisor of 717440 and 57?
19
Calculate the greatest common divisor of 19576 and 252.
4
Calculate the highest common factor of 104617 and 233.
233
What is the greatest common factor of 167995 and 5?
5
What is the highest common factor of 642 and 2443773?
321
Calculate the highest common factor of 72702 and 360.
18
Calculate the highest common divisor of 1469045 and 2020.
505
What is the highest common divisor of 28 and 505022?
14
What is the greatest common divisor of 162848 and 560?
112
What is the greatest common factor of 2046 and 5379?
33
Calculate the greatest common factor of 9954 and 42581.
553
What is the greatest common divisor of 265456 and 564?
188
What is the greatest common divisor of 37222 and 37?
37
What is the greatest common divisor of 9138 and 324?
6
What is the highest common factor of 13098 and 814?
74
What is the greatest common factor of 3549 and 351?
39
What is the greatest common factor of 13620 and 8640?
60
What is the highest common factor of 3 and 194379?
3
Calculate the highest common divisor of 282506 and 1190.
238
Calculate the greatest common factor of 714508 and 8.
4
Calculate the highest common divisor of 146869 and 3632.
227
Calculate the greatest common factor of 126238 and 10934.
994
Calculate the highest common factor of 68 and 341071.
17
What is the greatest common factor of 177712 and 928?
464
Calculate the highest common divisor of 66209 and 17017.
143
Calculate the highest common divisor of 499205 and 315.
35
Calculate the highest common divisor of 3564504 and 9.
9
What is the greatest common factor of 134249 and 43248?
901
What is the highest common factor of 162133 and 1971?
73
What is the highest common factor of 4866 and 5073616?
1622
What is the greatest common factor of 54872 and 112?
8
What is the highest common divisor of 19177 and 10922?
127
Calculate the greatest common factor of 550 and 5269.
11
What is the greatest common factor of 1528861 and 278?
139
Calculate the highest common factor of 3546 and 2317902.
1182
Calculate the greatest common factor of 176616 and 891.
99
What is the greatest common divisor of 76 and 127338?
38
Calculate the greatest common factor of 114 and 12858.
6
What is the greatest common factor of 73707 and 158?
79
What is the greatest common factor of 4246 and 1364?
22
Calculate the highest common divisor of 67 and 700351.
67
What is the highest common divisor of 15 and 18015?
15
What is the highest common divisor of 107676 and 2322?
54
Calculate the highest common factor of 480847 and 2056.
257
Calculate the greatest common factor of 44 and 413468.
44
Calculate the highest common divisor of 16 and 50072.
8
What is the highest common divisor of 262660 and 10?
10
What is the highest common divisor of 108747 and 167757?
843
Calculate the highest common divisor of 85 and 68153.
17
Calculate the highest common factor of 10063 and 87.
29
Calculate the greatest common divisor of 60333 and 442.
221
What is the highest common divisor of 353780 and 11552?
1444
What is the greatest common factor of 5916 and 2448?
204
Calculate the highest common divisor of 223 and 20533171.
223
Calculate the greatest common factor of 25 and 16000.
25
Calculate the highest common divisor of 210405 and 29880.
1245
What is the greatest common factor of 4515 and 1365?
105
What is the highest common factor of 1295 and 2415?
35
Calculate the greatest common factor of 1035892 and 52.
52
What is the greatest common factor of 1963049 and 517?
517
What is the highest common factor of 139 and 5403347?
139
Calculate the highest common divisor of 2226 and 1106.
14
Calculate the greatest common factor of 87394 and 74.
74
What is the highest common factor of 12191 and 1314?
73
What is the greatest common factor of 4650 and 141600?
150
Calculate the highest common divisor of 513 and 24.
3
Calculate the highest common divisor of 1443 and 8325.
111
What is the highest common factor of 877 and 1214645?
877
Calculate the highest common divisor of 22977 and 81.
27
What is the greatest common divisor of 71561 and 42?
7
Calculate the greatest common divisor of 102610 and 4634.
662
What is the highest common divisor of 401 and 13?
1
Calculate the highest common divisor of 13038 and 4182.
246
Calculate the highest common divisor of 18 and 1721691.
9
Calculate the highest common factor of 70 and 491155.
35
Calculate the highest common factor of 605142 and 18.
18
What is the greatest common divisor of 28779 and 81993?
543
What is the highest common divisor of 157153 and 1107?
41
What is the highest common factor of 236953 and 8984?
1123
Calculate the greatest common factor of 22077 and 10494.
99
What is the greatest common divisor of 7 and 338576?
7
What is the highest common divisor of 39893 and 14?
7
What is the highest common divisor of 1748 and 3519?
23
What is the highest common factor of 14 and 1740214?
14
What is the highest common factor of 168 and 92820?
84
What is the greatest common factor of 240721 and 26?
13
What is the highest common factor of 13568 and 180200?
424
What is the greatest common factor of 1081 and 64202?
47
What is the greatest common divisor of 657 and 828?
9
What is the greatest common divisor of 76 and 21?
1
Calculate the greatest common divisor of 393085 and 3080.
385
What is the highest common factor of 167 and 525549?
167
Calculate the greatest common divisor of 123 and 5453.
41
Calculate the greatest common divisor of 199 and 113231.
199
What is the highest common factor of 440 and 29656?
88
Calculate the greatest common divisor of 180796 and 182.
14
Calculate the greatest common factor of 387 and 1104.
3
Calculate the highest common factor of 17384 and 3816.
424
What is the highest common factor of 6158227 and 23?
23
What is the highest common divisor of 38080 and 25?
5
What is the greatest common divisor of 94 and 229266?
94
Calculate the highest common factor of 15812 and 72628.
268
What is t